{"id":14543,"date":"2025-10-29T06:43:27","date_gmt":"2025-10-29T05:43:27","guid":{"rendered":"https:\/\/www.maratonadiascoli.it\/?page_id=14543"},"modified":"2025-10-29T07:21:09","modified_gmt":"2025-10-29T06:21:09","slug":"gallery-2025","status":"publish","type":"page","link":"https:\/\/www.maratonadiascoli.it\/index.php\/gallery-2025\/","title":{"rendered":"Gallery 2025"},"content":{"rendered":"\t\t<div data-elementor-type=\"wp-page\" data-elementor-id=\"14543\" class=\"elementor elementor-14543\">\n\t\t\t\t\t\t<section class=\"elementor-section elementor-top-section elementor-element elementor-element-66d7cf7 elementor-section-boxed elementor-section-height-default elementor-section-height-default\" data-id=\"66d7cf7\" data-element_type=\"section\" data-e-type=\"section\">\n\t\t\t\t\t\t<div class=\"elementor-container elementor-column-gap-default\">\n\t\t\t\t\t<div class=\"elementor-column elementor-col-100 elementor-top-column elementor-element elementor-element-273ab2c\" data-id=\"273ab2c\" data-element_type=\"column\" data-e-type=\"column\">\n\t\t\t<div class=\"elementor-widget-wrap elementor-element-populated\">\n\t\t\t\t\t\t<div class=\"elementor-element elementor-element-8be046d elementor-widget elementor-widget-heading\" data-id=\"8be046d\" data-element_type=\"widget\" data-e-type=\"widget\" data-widget_type=\"heading.default\">\n\t\t\t\t<div class=\"elementor-widget-container\">\n\t\t\t\t\t<h2 class=\"elementor-heading-title elementor-size-default\"><a href=\"https:\/\/www.maratonadiascoli.it\/index.php\/foto-gallery-2025-giuseppe-caioni\/\">Clicca qu\u00ec per le foto di Giuseppe Caioni<\/a><\/h2>\t\t\t\t<\/div>\n\t\t\t\t<\/div>\n\t\t\t\t<div class=\"elementor-element elementor-element-5aa1118 elementor-widget elementor-widget-heading\" data-id=\"5aa1118\" data-element_type=\"widget\" data-e-type=\"widget\" data-widget_type=\"heading.default\">\n\t\t\t\t<div class=\"elementor-widget-container\">\n\t\t\t\t\t<h2 class=\"elementor-heading-title elementor-size-default\"><a href=\"https:\/\/www.maratonadiascoli.it\/index.php\/foto-2025-emidio-collecchia\/\">Clicca qu\u00ec per le foto di Emidio Collecchia<\/a><\/h2>\t\t\t\t<\/div>\n\t\t\t\t<\/div>\n\t\t\t\t<div class=\"elementor-element elementor-element-234dabd elementor-widget elementor-widget-heading\" data-id=\"234dabd\" data-element_type=\"widget\" data-e-type=\"widget\" data-widget_type=\"heading.default\">\n\t\t\t\t<div class=\"elementor-widget-container\">\n\t\t\t\t\t<h2 class=\"elementor-heading-title elementor-size-default\"><a href=\"https:\/\/www.maratonadiascoli.it\/index.php\/foto-gallery-2025-pasquale-luciani\/\">Clicca qu\u00ec per le foto di Pasquale Luciani<\/a><\/h2>\t\t\t\t<\/div>\n\t\t\t\t<\/div>\n\t\t\t\t<div class=\"elementor-element elementor-element-8cd09b2 elementor-widget elementor-widget-heading\" data-id=\"8cd09b2\" data-element_type=\"widget\" data-e-type=\"widget\" data-widget_type=\"heading.default\">\n\t\t\t\t<div class=\"elementor-widget-container\">\n\t\t\t\t\t<h2 class=\"elementor-heading-title elementor-size-default\"><a href=\"https:\/\/www.maratonadiascoli.it\/index.php\/foto-gallery-2025-ubaldo-sabbatini\/\">Clicca qu\u00ec per le foto di Ubaldo Sabbatini<\/a><\/h2>\t\t\t\t<\/div>\n\t\t\t\t<\/div>\n\t\t\t\t\t<\/div>\n\t\t<\/div>\n\t\t\t\t\t<\/div>\n\t\t<\/section>\n\t\t\t\t<section class=\"elementor-section elementor-top-section elementor-element elementor-element-e0c4871 elementor-section-boxed elementor-section-height-default elementor-section-height-default\" data-id=\"e0c4871\" data-element_type=\"section\" data-e-type=\"section\">\n\t\t\t\t\t\t<div class=\"elementor-container elementor-column-gap-default\">\n\t\t\t\t\t<div class=\"elementor-column elementor-col-100 elementor-top-column elementor-element elementor-element-a5a4152\" data-id=\"a5a4152\" data-element_type=\"column\" data-e-type=\"column\">\n\t\t\t<div class=\"elementor-widget-wrap elementor-element-populated\">\n\t\t\t\t\t\t<div class=\"elementor-element elementor-element-5743f4e elementor-widget elementor-widget-heading\" data-id=\"5743f4e\" data-element_type=\"widget\" data-e-type=\"widget\" data-widget_type=\"heading.default\">\n\t\t\t\t<div class=\"elementor-widget-container\">\n\t\t\t\t\t<h2 class=\"elementor-heading-title elementor-size-default\"><a href=\"https:\/\/www.maratonadiascoli.it\/index.php\/foto-gallery-2025-mariano-vesperini\/\">Clicca qu\u00ec per le foto di Mariano Vesperini<\/a><\/h2>\t\t\t\t<\/div>\n\t\t\t\t<\/div>\n\t\t\t\t\t<\/div>\n\t\t<\/div>\n\t\t\t\t\t<\/div>\n\t\t<\/section>\n\t\t\t\t<\/div>\n\t\t","protected":false},"excerpt":{"rendered":"<p>Clicca qu\u00ec per le foto di Giuseppe Caioni Clicca qu\u00ec per le foto di Emidio Collecchia Clicca qu\u00ec per le [&hellip;]<\/p>\n","protected":false},"author":1,"featured_media":14578,"parent":0,"menu_order":0,"comment_status":"closed","ping_status":"closed","template":"","meta":{"_monsterinsights_skip_tracking":false,"_monsterinsights_sitenote_active":false,"_monsterinsights_sitenote_note":"","_monsterinsights_sitenote_category":0,"ngg_post_thumbnail":0,"footnotes":""},"class_list":["post-14543","page","type-page","status-publish","has-post-thumbnail","hentry"],"aioseo_notices":[],"_links":{"self":[{"href":"https:\/\/www.maratonadiascoli.it\/index.php\/wp-json\/wp\/v2\/pages\/14543","targetHints":{"allow":["GET"]}}],"collection":[{"href":"https:\/\/www.maratonadiascoli.it\/index.php\/wp-json\/wp\/v2\/pages"}],"about":[{"href":"https:\/\/www.maratonadiascoli.it\/index.php\/wp-json\/wp\/v2\/types\/page"}],"author":[{"embeddable":true,"href":"https:\/\/www.maratonadiascoli.it\/index.php\/wp-json\/wp\/v2\/users\/1"}],"replies":[{"embeddable":true,"href":"https:\/\/www.maratonadiascoli.it\/index.php\/wp-json\/wp\/v2\/comments?post=14543"}],"version-history":[{"count":28,"href":"https:\/\/www.maratonadiascoli.it\/index.php\/wp-json\/wp\/v2\/pages\/14543\/revisions"}],"predecessor-version":[{"id":14586,"href":"https:\/\/www.maratonadiascoli.it\/index.php\/wp-json\/wp\/v2\/pages\/14543\/revisions\/14586"}],"wp:featuredmedia":[{"embeddable":true,"href":"https:\/\/www.maratonadiascoli.it\/index.php\/wp-json\/wp\/v2\/media\/14578"}],"wp:attachment":[{"href":"https:\/\/www.maratonadiascoli.it\/index.php\/wp-json\/wp\/v2\/media?parent=14543"}],"curies":[{"name":"wp","href":"https:\/\/api.w.org\/{rel}","templated":true}]}}